{"id":1067,"date":"2019-08-29T14:34:47","date_gmt":"2019-08-29T17:34:47","guid":{"rendered":"https:\/\/isfd13-bue.infd.edu.ar\/sitio\/?page_id=1067"},"modified":"2020-09-06T14:11:54","modified_gmt":"2020-09-06T17:11:54","slug":"ultima-materia","status":"publish","type":"page","link":"https:\/\/isfd13-bue.infd.edu.ar\/sitio\/ultima-materia\/","title":{"rendered":"\u00daLTIMA MATERIA"},"content":{"rendered":"<p>INSCRIPCI\u00d3N A \u00daLTIMA MATERIA<br \/>\nHasta el d\u00eda 10 de septiembre se encuentra abierta la inscripci\u00f3n para aquellos alumnos que adeuden una sola materia \u00abpara recibirse\u00bb y quieran solicitar mesa de examen.<\/p>\n<p style=\"text-align: left;\">Los finales se desarrollar\u00e1n en la semana comprendida entre el\u00a0 14 y el 18 de septiembre, el d\u00eda y horario se informar\u00e1 una vez conformada la mesa.<\/p>\n<p>Recuerden que es necesario que se inscriban para poder convocar a los profesores y conformar las diferentes mesas.<\/p>\n<p>Inscribirte online desde aqu\u00ed:\u00a0\n<div class=\"wpcf7 no-js\" id=\"wpcf7-f913-o1\" lang=\"es-ES\" dir=\"ltr\">\n<div class=\"screen-reader-response\"><p role=\"status\" aria-live=\"polite\" aria-atomic=\"true\"><\/p> <ul><\/ul><\/div>\n<form action=\"\/sitio\/wp-json\/wp\/v2\/pages\/1067#wpcf7-f913-o1\" method=\"post\" class=\"wpcf7-form init\" aria-label=\"Formulario de contacto\" novalidate=\"novalidate\" data-status=\"init\">\n<div style=\"display: none;\">\n<input type=\"hidden\" name=\"_wpcf7\" value=\"913\" \/>\n<input type=\"hidden\" name=\"_wpcf7_version\" value=\"5.7.7\" \/>\n<input type=\"hidden\" name=\"_wpcf7_locale\" value=\"es_ES\" \/>\n<input type=\"hidden\" name=\"_wpcf7_unit_tag\" value=\"wpcf7-f913-o1\" \/>\n<input type=\"hidden\" name=\"_wpcf7_container_post\" value=\"0\" \/>\n<input type=\"hidden\" name=\"_wpcf7_posted_data_hash\" value=\"\" \/>\n<input type=\"hidden\" name=\"_wpcf7_recaptcha_response\" value=\"\" \/>\n<\/div>\n<p><label><b>* Apellido<\/b><br \/>\n<span class=\"wpcf7-form-control-wrap\" data-name=\"your-apellido\"><input size=\"40\" class=\"wpcf7-form-control wpcf7-text wpcf7-validates-as-required\" aria-required=\"true\" aria-invalid=\"false\" value=\"\" type=\"text\" name=\"your-apellido\" \/><\/span><\/label>\n<\/p>\n<p><label><b>* Nombre<\/b><br \/>\n<span class=\"wpcf7-form-control-wrap\" data-name=\"your-nombre\"><input size=\"40\" class=\"wpcf7-form-control wpcf7-text wpcf7-validates-as-required\" aria-required=\"true\" aria-invalid=\"false\" value=\"\" type=\"text\" name=\"your-nombre\" \/><\/span><\/label>\n<\/p>\n<p><label><b>* D. N. I.<\/b><br \/>\n<span class=\"wpcf7-form-control-wrap\" data-name=\"your-d-n-i\"><input size=\"40\" class=\"wpcf7-form-control wpcf7-text wpcf7-validates-as-required\" aria-required=\"true\" aria-invalid=\"false\" value=\"\" type=\"text\" name=\"your-d-n-i\" \/><\/span><\/label>\n<\/p>\n<p><label><b>* E-Mail<\/b><br \/>\n<span class=\"wpcf7-form-control-wrap\" data-name=\"your-e-mail\"><input size=\"40\" class=\"wpcf7-form-control wpcf7-text wpcf7-email wpcf7-validates-as-required wpcf7-validates-as-email\" aria-required=\"true\" aria-invalid=\"false\" value=\"\" type=\"email\" name=\"your-e-mail\" \/><\/span><\/label>\n<\/p>\n<p><label><b>* Carrera<\/b><br \/>\n<span class=\"wpcf7-form-control-wrap\" data-name=\"your-carrera\"><input size=\"40\" class=\"wpcf7-form-control wpcf7-text wpcf7-validates-as-required\" aria-required=\"true\" aria-invalid=\"false\" value=\"\" type=\"text\" name=\"your-carrera\" \/><\/span><\/label>\n<\/p>\n<p><label><b>* Curso<\/b><br \/>\n<span class=\"wpcf7-form-control-wrap\" data-name=\"your-curso\"><input size=\"40\" class=\"wpcf7-form-control wpcf7-text wpcf7-validates-as-required\" aria-required=\"true\" aria-invalid=\"false\" value=\"\" type=\"text\" name=\"your-curso\" \/><\/span><\/label>\n<\/p>\n<p><label><b>* Espacio curricular<\/b><br \/>\n<span class=\"wpcf7-form-control-wrap\" data-name=\"your-espacio-curricular\"><input size=\"40\" class=\"wpcf7-form-control wpcf7-text wpcf7-validates-as-required\" aria-required=\"true\" aria-invalid=\"false\" value=\"\" type=\"text\" name=\"your-espacio-curricular\" \/><\/span><\/label>\n<\/p>\n<p><label><b>* Profesor<\/b><br \/>\n<span class=\"wpcf7-form-control-wrap\" data-name=\"your-profesor\"><input size=\"40\" class=\"wpcf7-form-control wpcf7-text wpcf7-validates-as-required\" aria-required=\"true\" aria-invalid=\"false\" value=\"\" type=\"text\" name=\"your-profesor\" \/><\/span><\/label>\n<\/p>\n<p>(*) Los campos son obligatorios.\n<\/p>\n\n<p><input class=\"wpcf7-form-control has-spinner wpcf7-submit\" type=\"submit\" value=\"Enviar\" \/>\n<\/p><p style=\"display: none !important;\"><label>&#916;<textarea name=\"_wpcf7_ak_hp_textarea\" cols=\"45\" rows=\"8\" maxlength=\"100\"><\/textarea><\/label><input type=\"hidden\" id=\"ak_js_1\" name=\"_wpcf7_ak_js\" value=\"185\"\/><script>document.getElementById( \"ak_js_1\" ).setAttribute( \"value\", ( new Date() ).getTime() );<\/script><\/p><div class=\"wpcf7-response-output\" aria-hidden=\"true\"><\/div>\n<\/form>\n<\/div>\n<\/p>\n<p>Muchas gracias.<\/p>\n","protected":false},"excerpt":{"rendered":"<p>INSCRIPCI\u00d3N A \u00daLTIMA MATERIA Hasta el d\u00eda 10 de septiembre se encuentra abierta la inscripci\u00f3n para aquellos alumnos que adeuden una sola materia \u00abpara recibirse\u00bb y quieran solicitar mesa de examen. Los finales se desarrollar\u00e1n en la semana comprendida entre el\u00a0 14 y el 18 de septiembre, el d\u00eda y horario se informar\u00e1 una vez &#8230; <a title=\"\u00daLTIMA MATERIA\" class=\"read-more\" href=\"https:\/\/isfd13-bue.infd.edu.ar\/sitio\/ultima-materia\/\" aria-label=\"More on \u00daLTIMA MATERIA\">[+]<\/a><\/p>\n","protected":false},"author":342,"featured_media":0,"parent":0,"menu_order":0,"comment_status":"closed","ping_status":"closed","template":"","meta":[],"acf":[],"_links":{"self":[{"href":"https:\/\/isfd13-bue.infd.edu.ar\/sitio\/wp-json\/wp\/v2\/pages\/1067"}],"collection":[{"href":"https:\/\/isfd13-bue.infd.edu.ar\/sitio\/wp-json\/wp\/v2\/pages"}],"about":[{"href":"https:\/\/isfd13-bue.infd.edu.ar\/sitio\/wp-json\/wp\/v2\/types\/page"}],"author":[{"embeddable":true,"href":"https:\/\/isfd13-bue.infd.edu.ar\/sitio\/wp-json\/wp\/v2\/users\/342"}],"replies":[{"embeddable":true,"href":"https:\/\/isfd13-bue.infd.edu.ar\/sitio\/wp-json\/wp\/v2\/comments?post=1067"}],"version-history":[{"count":6,"href":"https:\/\/isfd13-bue.infd.edu.ar\/sitio\/wp-json\/wp\/v2\/pages\/1067\/revisions"}],"predecessor-version":[{"id":1224,"href":"https:\/\/isfd13-bue.infd.edu.ar\/sitio\/wp-json\/wp\/v2\/pages\/1067\/revisions\/1224"}],"wp:attachment":[{"href":"https:\/\/isfd13-bue.infd.edu.ar\/sitio\/wp-json\/wp\/v2\/media?parent=1067"}],"curies":[{"name":"wp","href":"https:\/\/api.w.org\/{rel}","templated":true}]}}